 and 5?
1
Calculate the greatest common divisor of 23 and 161.
23
What is the greatest common divisor of 8308 and 67?
67
What is the greatest common factor of 620 and 90?
10
Calculate the greatest common divisor of 76 and 152.
76
What is the highest common factor of 232 and 1016?
8
Calculate the greatest common factor of 51 and 1479.
51
Calculate the highest common factor of 66 and 15906.
66
Calculate the greatest common divisor of 98 and 539.
49
Calculate the highest common factor of 5950 and 3332.
238
Calculate the highest common factor of 10999 and 17.
17
What is the highest common factor of 21 and 959?
7
What is the highest common divisor of 171 and 1273?
19
What is the highest common divisor of 104 and 949?
13
Calculate the highest common factor of 15 and 10.
5
Calculate the greatest common factor of 2378 and 58.
58
What is the greatest common factor of 28 and 672?
28
What is the highest common factor of 4648 and 56?
56
Calculate the highest common factor of 84 and 273.
21
Calculate the greatest common divisor of 235 and 658.
47
Calculate the greatest common divisor of 1417 and 13.
13
Calculate the greatest common divisor of 24 and 102.
6
Calculate the greatest common divisor of 66 and 418.
22
Calculate the highest common factor of 20 and 42180.
20
Calculate the greatest common factor of 2224 and 80.
16
Calculate the greatest common factor of 630 and 882.
126
What is the greatest common divisor of 1344 and 21?
21
What is the greatest common divisor of 7 and 65?
1
Calculate the highest common divisor of 33 and 69.
3
What is the greatest common divisor of 135 and 3?
3
Calculate the highest common factor of 44 and 152.
4
Calculate the highest common factor of 120 and 9720.
120
Calculate the highest common factor of 28 and 51478.
14
Calculate the highest common factor of 5300 and 20.
20
What is the greatest common factor of 252 and 4500?
36
Calculate the greatest common factor of 12801 and 153.
51
What is the highest common divisor of 2993 and 82?
41
What is the greatest common divisor of 15 and 48?
3
What is the greatest common divisor of 24190 and 295?
295
What is the highest common divisor of 30852 and 36?
36
What is the highest common divisor of 404 and 20402?
202
Calculate the highest common factor of 363 and 22.
11
What is the highest common factor of 68 and 1037?
17
Calculate the highest common divisor of 355 and 142.
71
Calculate the greatest common factor of 1757 and 7.
7
What is the highest common factor of 279 and 3503?
31
Calculate the highest common factor of 25 and 40.
5
Calculate the greatest common factor of 396 and 36.
36
Calculate the highest common factor of 2 and 4.
2
Calculate the highest common factor of 124 and 3007.
31
What is the greatest common factor of 20625 and 3?
3
What is the highest common factor of 182 and 70?
14
What is the highest common factor of 1378 and 954?
106
Calculate the highest common divisor of 315 and 135.
45
Calculate the highest common divisor of 6 and 14.
2
What is the highest common factor of 256 and 272?
16
Calculate the greatest common factor of 1178 and 19.
19
Calculate the highest common divisor of 328 and 697.
41
Calculate the highest common factor of 10 and 10.
10
Calculate the highest common divisor of 5340 and 24.
12
Calculate the greatest common factor of 76 and 418.
38
Calculate the greatest common factor of 19 and 9310.
19
What is the highest common divisor of 46 and 322?
46
What is the greatest common factor of 686 and 49?
49
What is the highest common factor of 5470 and 5?
5
What is the highest common factor of 352 and 2123?
11
Calculate the greatest common factor of 1548 and 144.
36
What is the greatest common divisor of 3979 and 865?
173
What is the highest common factor of 84129 and 87?
87
Calculate the greatest common factor of 22 and 33.
11
What is the highest common factor of 15 and 6285?
15
Calculate the greatest common divisor of 3160 and 80.
40
Calculate the greatest common factor of 11 and 2816.
11
What is the greatest common divisor of 65 and 4355?
65
Calculate the highest common divisor of 36 and 32.
4
Calculate the greatest common divisor of 30 and 4190.
10
Calculate the greatest common divisor of 39 and 2925.
39
Calculate the highest common divisor of 1216 and 38.
38
Calculate the greatest common factor of 614 and 14.
2
Calculate the greatest common divisor of 75 and 2750.
25
What is the highest common factor of 4768 and 32?
32
Calculate the highest common factor of 610 and 30.
10
Calculate the greatest common factor of 56 and 32.
8
What is the greatest common divisor of 46 and 598?
46
What is the highest common factor of 2047 and 23?
23
Calculate the greatest common divisor of 9344 and 384.
128
Calculate the greatest common factor of 5 and 8.
1
Calculate the greatest common factor of 111 and 259.
37
What is the highest common factor of 102 and 12?
6
Calculate the highest common factor of 13520 and 130.
130
Calculate the greatest common divisor of 9 and 102.
3
What is the highest common divisor of 2045 and 15?
5
What is the greatest common divisor of 17 and 1513?
17
Calculate the highest common divisor of 260 and 416.
52
Calculate the greatest common divisor of 425 and 289.
17
Calculate the greatest common factor of 1890 and 245.
35
What is the highest common divisor of 11436 and 108?
12
Calculate the greatest common divisor of 1302 and 84.
42
Calculate the highest common factor of 6 and 1758.
6
What is the highest common divisor of 448 and 14?
14
Calculate the highest common divisor of 408 and 132.
12
Calculate the greatest common factor of 34 and 2.
2
Calculate the highest common divisor of 59 and 16933.
59
What is the highest common divisor of 24 and 1956?
12
Calculate the highest common factor of 180 and 1160.
20
Calculate the greatest common factor of 168 and 728.
56
What is the greatest common divisor of 9 and 15?
3
What is the greatest common factor of 162 and 1458?
162
What is the highest common divisor of 365 and 5?
5
Calculate the greatest common divisor of 48 and 84.
12
Calculate the highest common factor of 9 and 57.
3
Calculate the greatest common factor of 611 and 13.
13
Calculate the highest common divisor of 20 and 25.
5
What is the greatest common divisor of 152 and 40?
8
What is the highest common divisor of 357 and 476?
119
What is the highest common factor of 51 and 1003?
17
What is the highest common factor of 1176 and 72?
24
Calculate the greatest common divisor of 39 and 559.
13
What is the highest common factor of 1662 and 6?
6
Calculate the highest common factor of 4 and 72.
4
What is the greatest common factor of 234 and 260?
26
What is the highest common factor of 1060 and 60?
20
What is the highest common divisor of 30 and 426?
6
What is the greatest common divisor of 5530 and 237?
79
What is the highest common divisor of 270 and 24?
6
Calculate the highest common factor of 10 and 11610.
10
Calculate the highest common factor of 19448 and 17.
17
Calculate the highest common factor of 32 and 256.
32
What is the greatest common divisor of 325 and 5?
5
What is the highest common divisor of 568 and 24?
8
What is the greatest common divisor of 564 and 12?
12
What is the highest common factor of 2 and 6?
2
What is the highest common factor of 76 and 722?
38
Calculate the greatest common factor of 39 and 33.
3
Calculate the highest common divisor of 448 and 512.
64
Calculate the greatest common factor of 21 and 189.
21
What is the greatest common divisor of 24 and 40?
8
Calculate the greatest common factor of 399 and 171.
57
Calculate the highest common factor of 2070 and 30.
30
What is the highest common divisor of 882 and 63?
63
What is the greatest common divisor of 225 and 567?
9
Calculate the greatest common divisor of 2148 and 12.
12
Calculate the highest common factor of 90 and 126.
18
What is the greatest common factor of 699 and 15?
3
What is the greatest common divisor of 366 and 24?
6
What is the greatest common factor of 266 and 114?
38
Calculate the highest common factor of 2486 and 22.
22
What is the greatest common divisor of 78 and 96?
6
What is the highest common factor of 2232 and 72?
72
What is the highest common factor of 990 and 13266?
198
What is the greatest common factor of 432 and 1968?
48
Calculate the highest commo